-b**8/6720 - b**7/315 - b**5/30 + 11*b**4/12 - 2*b. Let n(l) be the third derivative of y(l). What is n(-8)?
-4
Let m(x) = 5*x**3 - 21*x**2 + 30*x + 36. Let s(l) = -2*l**3 + 7*l**2 - 10*l - 12. Let i(b) = -3*m(b) - 8*s(b). Give i(-8).
4
Let o(j) be the second derivative of j**3/6 + j**2/2 - 61*j + 2. Give o(-2).
-1
Let d(l) = -l**2 - 2*l + 4. Let h = -1180 - -1177. Determine d(h).
1
Let x(v) = 2*v - 8. Let o(y) be the third derivative of y**5/60 + y**4/4 + 11*y**3/6 - 4*y**2. Let r be o(-5). Determine x(r).
4
Suppose -9*f + 35 = -16*f. Let i(c) = -c**2 - 6*c - 4. Give i(f).
1
Let q(n) be the first derivative of n**4/4 - 5*n**3/3 + n**2 + n - 1194. Let s = -7 - -14. Let i be (-46)/(-14) + (-2)/s. Determine q(i).
-11
Let p(l) = l**3 + 6*l**2 + 3*l - 5. Let z be p(-5). Let d = 9 - z. Let k(w) = w - 7*w**2 - 73 + w**3 + 2*w**2 + 78. Calculate k(d).
-7
Let d be (-9)/(-12) - (-244)/16. Let m(l) = -4*l**2 + d*l + 2 - l**3 - 15*l + 2*l**2. Determine m(-3).
8
Let f(y) = y**2 - 8*y - 8. Let n be (0/(-10))/(-1 + 1 + 2). Let i(p) = p**3 + p**2 - 2*p + 9. Let j be i(n). Calculate f(j).
1
Let d(h) be the first derivative of -h**2/2 + 5*h - 1. Let s be ((-404)/(-6))/((-14)/(-21)). Suppose -s*c + 7 = -100*c. Calculate d(c).
-2
Let p(q) = -323*q + 4*q**2 - 10*q**2 + 327*q - 4. Give p(2).
-20
Let j(i) = -5*i**2 + 4*i**2 + 3*i + 4*i**2 - 5*i**2. Give j(-4).
-44
Let g be (2 - -4 - 0)*1/2. Let a(t) = -t**3 + t**2 + 5*t - 4. Calculate a(g).
-7
Suppose -4 = -6*j + 4*j. Let a(r) = -2 + 3*r - r + 0*r + j*r**2. Suppose -251*v = 3*g - 248*v + 24, 5*g - 2*v - 2 = 0. What is a(g)?
2
Let j(l) = -2*l + 2. Suppose 24 + 0 = 6*x. Suppose 5*q = -3*r + 21, -4*r + x = -5*q + 46. Give j(q).
-10
Let v(f) = f**3 + 7*f**2 + f - 2. Let x be (-11 + (-2)/(-2))*(-3)/5. Suppose 3*j - x + 27 = 0. Determine v(j).
-9
Let f(b) = -5*b - 18. Let c(t) = -8*t - 38. Let k(l) = 3*c(l) - 5*f(l). Calculate k(18).
-6
Let b(o) be the first derivative of -o**4/12 + o**3 + 13*o**2 - 3. Let z(l) be the second derivative of b(l). What is z(-5)?
16
Let x(q) = q + 7. Let u be x(0). Suppose 10 = -2*p + u*p. Let v(b) = -5*b + b**2 - b - p*b + 3. Determine v(6).
-9
Let j(t) = -4 + 2*t - 2*t - 5*t**2 - t**3 - 5*t. Suppose -z + 2*o = 3, -26 = 5*z + 4*o - 11. What is j(z)?
-7
Let a(c) be the second derivative of c**3/3 - 5*c**2 + 49*c. Give a(5).
0
Let c(n) = -n + 2. Let f = -1 - -17. Suppose 8 = -4*t + 2*d, 2*t = 7*t + 4*d - f. Suppose 5*l + 7 + 18 = t. What is c(l)?
7
Let r = 11 + -15. Let i(g) be the second derivative of -2*g + 0*g**2 + 1/3*g**4 + 1/3*g**3 + 1/20*g**5 + 0. What is i(r)?
-8
Let a(k) = k**3 - 4*k**2 - 5*k - 4. Let n be (-3)/2 + (-27)/(-6). Suppose 0 = t + 3*l - 8, -n*t - 4*l + 16 = -3. Calculate a(t).
-4
Suppose 11*y - 207 = -108. Let p(x) = x**3 - 10*x**2 + 7*x - 10. What is p(y)?
-28
Let q(t) = 13*t**2 - 18*t - 13. Let d(v) = -18*v**2 + 27*v + 20. Let w(k) = 5*d(k) + 7*q(k). Determine w(-7).
-5
Let t(g) = -2*g - 1. Let f(z) = -z - 1. Let a(b) = -5*f(b) + 2*t(b). Give a(3).
6
Let z(y) = 6*y + 1. Let g(i) = -7*i. Let p(c) = 2*g(c) + z(c). Determine p(-1).
9
Let c(v) = -3 + 2 - 3*v - v. Suppose -2*d + 8 = -2*g, 17*d - 19*d + 10 = 0. Calculate c(g).
-5
Let j(x) be the second derivative of -x**4/12 - 5*x**3/6 + x**2 + 85*x + 2. Give j(-6).
-4
Let l(n) = -11*n**3 + 4*n**2 + 7*n - 9. Let d(t) = 5*t**3 - 2*t**2 - 3*t + 4. Let u(s) = -9*d(s) - 4*l(s). Suppose 3 = -m + 4. Calculate u(m).
0
Let x = -14 - -17. Suppose -y - k = -3*k + 1, -52 = -x*y - 5*k. Let r(m) = -m**3 + 8*m**2 + 9*m + 1. Calculate r(y).
1
Let o(u) = -u - 7. Let g be o(-10). Let v(q) = 7*q**g + 2*q - q**2 - 1 + 4*q - 4*q - 3*q. Calculate v(-1).
-8
Let p = 735 + -726. Let f(t) = -t**3 + 9*t**2 - 3. Determine f(p).
-3
Suppose 3*o = 2*p - 9 + 23, o - 5*p = 22. Suppose o*g - 1 - 3 = 0. Let f(q) be the second derivative of -q**5/20 + 5*q**4/12 - q**3/3 + q**2/2 + q. Give f(g).
9
Let y(c) = 5*c**3 - 5*c + 2. Let a(w) = -4*w**3 + 4*w - 2. Let o(s) = 4*a(s) + 3*y(s). Determine o(0).
-2
Let m(f) be the third derivative of f**5/60 - 7*f**4/24 + 5*f**3/3 + 38*f**2. Calculate m(6).
4
Let q(a) = 5*a**2 - 11*a + 2. Let u(j) = j**2 + j. Let l(c) = q(c) - 3*u(c). Let z be l(7). Let k(d) = -3*d**2 - 4*d + 3. Give k(z).
-17
Let o(h) = -214*h**2 + 2 + h**3 - 203*h**2 + 414*h**2 - 3*h. Give o(4).
6
Let l(w) = -5*w - 92. Let r be l(-20). Let d(i) = i**3 - 7*i**2 - 9*i - 2. Calculate d(r).
-10
Let o(g) = -4*g**2 - 72*g - 3. Let v be o(-18). Suppose 4 = -2*s + 4*s. Let u(z) = -s*z + 0 - 1 + 4. What is u(v)?
9
Let b(h) = -6*h - h**3 - 7*h**2 + 0*h + 2 + 0*h. Suppose 10*g - 15*g = 3*p - 59, 5*p + 75 = 5*g. Suppose 18*k = g*k - 25. What is b(k)?
-18
Let h(f) be the first derivative of 11*f**5/120 - f**4/24 + f**3/3 - 15. Let r(u) be the third derivative of h(u). Calculate r(2).
21
Let v(n) be the third derivative of -n**4/2 + n**3/2 + 52*n**2 - 6. Calculate v(5).
-57
Let q(u) = 8*u + 2. Let z be q(3). Let t = z - 23. Let g(s) = -t - 2 - s**2 + 1 + 5*s. What is g(6)?
-10
Let y(c) be the first derivative of -c**4/4 + 3*c**3 + 11*c**2/2 - 9*c - 1. Give y(10).
1
Let p(c) = c**3 + 4*c**2 - 13*c - 7. Let o be p(-6). Let h(u) = -20*u. Give h(o).
20
Let q(v) = -5*v**2 + 5*v + 4. Let p(t) = -t**2 + t. Let h(g) = -6*p(g) + q(g). Let b be 10/15 - 2/3. Give h(b).
4
Suppose -2*c + 48 = 2*c. Let t(o) = -o + 6. What is t(c)?
-6
Let v(s) = 9*s - 1. Let u = 17 + -13. Suppose -u*y = -9*y + 15. Suppose 0*h + 6 = 4*h - 5*r, 5*h - 4*r - y = 0. Calculate v(h).
-10
Let z = 43 + 2. Suppose -2*i - 7*i = -z. Suppose -5*q + 0 = -i. Let o(j) = 4*j**2 + 2*j - 1. What is o(q)?
5
Let c(d) be the third derivative of -d**6/120 - d**5/12 - d**4/24 - d**3/2 + d**2. Let g(r) = -4*r**2 - 47*r - 38. Let s be g(-11). What is c(s)?
2
Let g = 13 + -14. Let r(u) = 3*u**2 - 2*u - 1. Determine r(g).
4
Let a(s) be the second derivative of s**8/6720 + s**7/504 - s**6/360 + s**5/120 + s**4/12 + 14*s. Let m(r) be the third derivative of a(r). What is m(-5)?
11
Let h(j) = 3*j - j**2 + 39*j**3 - 5*j - 38*j**3 - 1. Let z be h(0). Let b(r) = -6*r**3 + r**2 + r. What is b(z)?
6
Let u = 2 + -2. Let m = 9 + u. Let f(g) = -5*g**3 - 16*g**2 - 9*g + 8. Let x(n) = n**3 + 4*n**2 + 2*n - 2. Let c(a) = m*x(a) + 2*f(a). Determine c(2).
6
Let n = 148 - 111. Let p(d) = 2*d + d - n + 36 - 2*d. What is p(6)?
5
Let w(r) = -6 + 72*r - 3 - 69*r - 5 + 5. Determine w(2).
-3
Let g(b) = 36*b**2 + b - 8. Let s(t) = -101*t**2 - 3*t + 22. Let w(h) = -11*g(h) - 4*s(h). Suppose -3*n = a - 1, n + n = 0. Calculate w(a).
9
Let t(y) = -y**3 - 7*y**2 + 3*y + 2. Let j(i) be the third derivative of i**4/24 + i**3 + 39*i**2. Let b be j(-13). Calculate t(b).
-19
Suppose 3*a = -3*m, a = m - 6*m + 8. Suppose 1 = m*g - 9. Let n(k) be the third derivative of -k**5/60 + k**4/6 - k**3 + 2*k**2. Determine n(g).
-11
Let d(t) = t - 3. Let z be d(6). Let y(l) = 4*l**2 - 3*l - 21. Let f(p) = -2*p**2 + p + 9. Let s(g) = 5*f(g) + 2*y(g). Give s(z).
-18
Let y(w) = 9 - 1 + 0*w - 3 - 2*w. Determine y(10).
-15
Let l(k) = -5*k**2 - 1. Let u = 26 - 24. Let v be ((-56)/(-32) - u/(-8)) + -1. Calculate l(v).
-6
Let n(x) be the first derivative of -7/3*x**3 - 27 - 3*x + 3/2*x**2 + 1/4*x**4. Determine n(7).
18
Let k = 101 - 93. Let j(z) = k - 15*z - 13*z + 26*z. Calculate j(6).
-4
Let o be (-4)/(-24) + 406/84. Let c(v) = v**3 - 5*v**2 - 3. What is c(o)?
-3
Let l(i) = i - 14. Let v(p) = p**3 + 6*p**2 - 6*p - 30. Let x be v(-6). Calculate l(x).
-8
Let v be 12/15*15/6. Let o(b) = 0 - 2*b - 3 + 2 - 14*b**v. Give o(-1).
-13
Let y(m) = -539*m + 1080*m - 14 - 540*m. Determine y(18).
4
Let o = 11 - 6. Let p(j) = j - 3. Let c be p(o). Let k(m) = -2*m + 2. Let z be k(c). Let x(y) = 7*y + 3. Calculate x(z).
-11
Let m(c) be the third derivative of c**4/24 - 4*c**3/3 + 162*c**2. What is m(9)?
1
Let l(b) = b**3 - 8*b**2 - 9*b + 7. Suppose -4*h + 24 = -2*v, -5*h + 2*v + 5 + 27 = 0. What is l(h)?
-65
Let f(g) be the first derivative of -3*g**2/2 + 28*g - 246. Give f(10).
-2
Let d = -163 - -166. Let o(i) = -i**3 + i**2 + 4*i - 1. Determine o(d).
-7
Let a(u) = -u + 2. Let n be (-3)/7 - (-1152)/(-56). Let m = -27 - n. Give a(m).
8
Let d(y) be the first derivative of -y**3/3 + y**2/2 - 5*y - 48. Determine d(4).
-17
Let o be (0 + -3)/((-12)/20). Suppose 0 = 6*l - 5*l - o. Let w(d) = -3*d*